git of h(-8)?
5
Suppose 2*f = -2*u + 2, 3*f - 3 = -4*u - 0. Suppose 4*p - 2 - 18 = 0. Suppose u = 4*y - p*y + 5. What is the units digit of y?
5
Suppose 0 = v - 5*v + 16. Suppose -g = -v*g + 54. What is the units digit of g?
8
Let k(a) = a - 1. Let y be 0*(-2 + (3 - 2)). Suppose c - 2 - 2 = y. What is the units digit of k(c)?
3
Suppose 4*t - 236 = -0*t. What is the units digit of t?
9
Let m(o) = -4*o. Let k be m(-1). Let u(d) = d**3 - 3*d**2 - 2*d. What is the units digit of u(k)?
8
Let b(u) = -5*u - 7. What is the units digit of b(-4)?
3
Let l = 4 - -1. Suppose 3*k = -0*k - 5*y + 82, -l*y + 44 = k. What is the units digit of k?
9
Suppose 2*r + 4 = 0, 4*z - 56 - 98 = -3*r. What is the tens digit of z?
4
Suppose 3*y + 1 = 4*y. Suppose 0 = 4*k - 0*k - 36. What is the units digit of (1/y)/(3/k)?
3
Let b(g) = g**2 + 7*g + 9. Let u be (-15)/2 + 2/4. What is the units digit of b(u)?
9
Suppose -3*k + 44 - 14 = 0. What is the tens digit of k?
1
Suppose -m - 1 = -0*m. Let f(w) = -3*w**2 - 2*w - 1. Let q be f(m). What is the tens digit of (-7 + 4)*10/q?
1
Let c(r) be the first derivative of -5*r**2/2 - r - 1. What is the units digit of c(-2)?
9
Let a = 19 + -11. Suppose -3*n = -a*n + 215. What is the tens digit of n?
4
Let w(z) = z**3 + 3*z**2 - 2*z - 2. Let i be w(-3). What is the units digit of 76/6 + i/(-6)?
2
Suppose 5*m - 508 - 312 = -2*d, d = 4*m - 656. What is the tens digit of m?
6
Suppose 3*u + 5*v - 47 - 27 = 0, 3*u - 5*v = 34. Suppose -62 = -4*d + u. What is the units digit of d?
0
Suppose -4*h + h = -12. Let m = 21 - 17. Suppose 3*s = m*a - 20, -2*s = a - h*s - 5. What is the units digit of a?
5
What is the units digit of 337 + 1 + (-136)/(-34)?
2
Let l be (16 - (-1 - -4))*1. Suppose 2*f = l + 7. What is the tens digit of f?
1
Let z be (-41)/2 + (-1)/(-2). Let w = 19 - 24. What is the tens digit of 4/z - 111/w?
2
Suppose 3*j - 21 - 13 = -4*u, -2*j + 3*u = 0. Suppose 3*y - 1 = 8. Suppose 3*d + j = -x + 22, -3*d - y*x + 6 = 0. What is the units digit of d?
7
Let q(h) = -3*h - 6. Let j be q(-5). Let l = -1 - -3. Suppose -j = -k - l*k. What is the units digit of k?
3
Suppose 4*m - b = -6*b + 64, 2*b + 36 = 4*m. What is the units digit of m?
1
What is the tens digit of (-4)/(-22) + (-10495)/(-55)?
9
Let h = -928 - -1386. What is the hundreds digit of h?
4
Let i = -7 + 10. Suppose 0*s + i = s. Suppose b - 12 = w, s*b + 7*w - 2*w = 4. What is the units digit of b?
8
Let q(x) = 3*x**2 + 5*x. Let m be q(-5). Let i = m - 31. What is the units digit of i?
9
Let c = -120 - -244. What is the units digit of c?
4
Suppose -2*o + 26 = 4. Suppose 4*b - o - 1 = 0. Suppose b*v = -v + 8. What is the units digit of v?
2
Let m be 0 + (-2 - (0 - 4)). Let o(c) = 5*c**3 + 4*c**2 - 4*c + 3. What is the tens digit of o(m)?
5
Let b(t) = t**3 + t**2 + t + 9. Let p(w) = -w**3 + 5*w**2 + w - 3. Let f be p(5). Suppose 0 = 2*m + f*m. What is the units digit of b(m)?
9
Let i = 16 - -21. Suppose 3*x - 26 = i. What is the tens digit of x?
2
Let p(s) = s**3 + 8*s**2 - s + 11. What is the tens digit of p(-8)?
1
Let h be (-1 - 1)/(16/(-376)). Let l = h + 0. What is the units digit of l?
7
Suppose -2*a = 86 + 200. What is the tens digit of (-4)/(-24) - a/6?
2
Let s be ((-6)/(-8))/((-4)/(-16)). Suppose 4*w + s*b = -0*w + 23, -2*w + 9 = b. Suppose -2*g + 1 = 5*o - 2, 3*o = w*g - 11. What is the units digit of g?
4
Let w = 3 - 5. Let f = -7 - w. Let a(t) = -t**3 - 4*t**2 + 5*t + 2. What is the units digit of a(f)?
2
Let y(i) = -i**3 - i + 2. Let o = -6 - -6. Suppose o = -d + 2*d. What is the units digit of y(d)?
2
Let i be 2/5*(-8 + -22). What is the units digit of i/(-28) + (-92)/(-14)?
7
Suppose 11 = -4*k + r + 619, -4*k + 588 = 4*r. What is the tens digit of k?
5
Let n(g) = -g - 3. Let z be n(-6). Suppose -f + z = 4*l, 2*l = -0*f + f + 9. What is the units digit of l?
2
Let y(z) = -z**2 - 6*z - 3. Let k be y(-5). Suppose 1 - k = -h. What is the units digit of ((-8)/10)/(h/(-5))?
4
Suppose r + 5 = -2*b, -3*r + 1 = 5*b + 13. Let d be b/(-7) - 55/(-35). Suppose 0 = 5*o - d*o - 3*l - 39, 5*o + 3*l - 89 = 0. What is the tens digit of o?
1
Let y = 44 + 174. What is the units digit of y?
8
Suppose 49 = 3*i - 596. Suppose -2*n + 0*n = -4*l - 98, 5*n - 4*l = i. Let o = n - 28. What is the units digit of o?
1
Suppose -4*v + 3*i = 2*i - 1055, -4*i + 514 = 2*v. What is the tens digit of v?
6
Let q be (77/14)/((-2)/(-4)). Suppose -5*b = -q - 4. Suppose 2*k - 9 = 3*k + 4*y, -b*k - 4*y + 13 = 0. What is the tens digit of k?
1
Let r = 8 - 6. Suppose -4*k - r*n - n + 14 = 0, 5*k - 2*n - 6 = 0. Let t = 4 - k. What is the units digit of t?
2
Suppose -4*x + 5 = -5*x - 5*k, -2*k = 4*x + 2. Suppose -2*f + 5 + 1 = x. What is the units digit of (f/(-6))/((-1)/16)?
8
Let h(k) = -4*k**2 + k + 7*k**2 - 4 + 8 - 3*k. What is the tens digit of h(3)?
2
Let k = -62 - -142. What is the units digit of k?
0
Suppose -2*j - 298 = -5*w - 0*w, -3*w - 5*j = -185. Suppose w = -5*x + x. What is the units digit of 1/(12/x - -1)?
5
Let z be 26/8 + (-1)/4. Suppose -3 = -x, 2*o + 4*x - 17 = z*x. Suppose -5*p + 27 = o. What is the units digit of p?
4
Suppose 0 = y + y + 2. Let b = y - -6. Suppose -5*f - 8*k = -3*k - 40, b*k = -2*f + 16. What is the units digit of f?
8
Suppose 12*d - 16*d + 148 = 0. What is the units digit of d?
7
Let x(i) = -i**3 - 5*i**2 - 3*i + 5. What is the tens digit of x(-5)?
2
Suppose 2*u - 4 + 0 = 0. Suppose 3*h + u*h + 15 = 0. Let t = h + 6. What is the units digit of t?
3
Suppose 0 = -3*z - 5*n + 125, 4*z = -n - 4*n + 160. What is the units digit of z*(-3)/15*-4?
8
Suppose -4*r + 196 = 3*r. What is the units digit of r?
8
Let d(r) = -r**2 + 4*r + 4. Let g be d(4). Let l(u) be the second derivative of u**5/20 - u**4/3 + u**3/6 - 3*u**2/2 + 5*u. What is the units digit of l(g)?
1
Let t(l) = l**2 - 6*l - 4. Let s be t(8). Let a(r) = r**3 - 3*r**2 - 2*r - 4. Let k be a(4). Suppose 0*p = -k*p + s. What is the units digit of p?
3
Let b = -33 - -79. Suppose 4*u - 6*u + 42 = 5*c, 3*c - b = 4*u. What is the units digit of (-14)/(-10) - 4/c?
1
Let p = -6 + 8. Suppose s + 3*k + 4 = 0, -2*s + 2*k + 12 = p*s. Suppose -9 = -s*y + 5*c + 11, y + 4*c = 10. What is the tens digit of y?
1
Let n be (42/(-4))/((-1)/(-4)). What is the units digit of n/(-8) - (-4)/(-16)?
5
Let j = -138 + 200. What is the units digit of j?
2
Let d = -1 + 2. Let x(z) = 5*z. What is the units digit of x(d)?
5
Let p = -7 - -5. Let w = p - -7. What is the units digit of w?
5
What is the units digit of (-7)/(-42) + 167/6?
8
Let u(i) = 12*i**2 - 10*i - 28. What is the tens digit of u(6)?
4
Suppose 0 = -d + 5*d. Suppose d*g - 1 = -g. What is the units digit of 1*-2 - (-11 + g)?
8
Let k(h) be the second derivative of -h**6/360 + h**5/15 - h**4/12 + h**3/3 + 2*h. Let s(x) be the second derivative of k(x). What is the tens digit of s(6)?
1
Let g = 460 + -301. What is the units digit of g?
9
Suppose 5*z - 3*s = 14, -2*z = s + 2 - 12. What is the units digit of z?
4
Suppose -5*u = -0*u - 50. Suppose 3*m = -2*m + 15. Let y = u - m. What is the units digit of y?
7
Let i(n) = -2*n**3 - 4*n**2 - n + 3. Let c(y) = y**3 + y**2 + 1. Let g(z) = c(z) + i(z). What is the units digit of g(-3)?
7
Let m(s) = s**3 - 3*s**2 - 6*s - 7. Let r be m(5). Suppose -13 = -3*w - 4*d + r, 0 = 2*w + d - 14. What is the units digit of w?
6
Let x(m) = 5*m**2 + m + 1. Suppose -2*n - 1 = 1. What is the units digit of x(n)?
5
Let q(l) = -l**2 + 5. Let s be 0*2*(-1)/(-4). What is the units digit of q(s)?
5
Let a(y) = y + 25. What is the units digit of a(-15)?
0
Let p(u) = -4*u**2 - 12*u - 10. Let c(s) = 5*s**2 + 13*s + 11. Let m(n) = -3*c(n) - 4*p(n). Let t be m(-8). What is the units digit of 0 - (7 + 2)/t?
9
Suppose -2*y + 6*y = 20. Suppose y*d - j + 6*j = -10, 55 = -5*d + 4*j. What is the units digit of (-38)/(-14) - 2/d?
3
Let d be 2/7 - (-4)/(-14). Suppose -2*r + 4*r = d. Suppose c - 4*g - 6 = 0, 5 = 5*g - r. What is the units digit of c?
0
Let m be (1 - 2)*-2 - 89. Let d = m + 122. What is the tens digit of d?
3
Suppose 0 = -4*x + x - 18. Let j = x - -8. What is the units digit of j?
2
Suppose 5*w = 2*g + 61, 3*w - g + 15 = 4*w. What is the tens digit of 1*(3 + -6) + w?
1
Suppose -q + 92 = -30. What is the tens digit of q?
2
Let i = 1 + -1. Suppose -2*d - 236 - 144 = -4*p, 